{"id":223,"date":"2024-10-13T00:00:00","date_gmt":"2023-10-13T03:49:46","guid":{"rendered":"https:\/\/wordpressthemes.live\/WCG10\/WCM231_cosmika\/cosmetic03\/?post_type=product&#038;p=223"},"modified":"2025-08-27T10:43:20","modified_gmt":"2025-08-27T10:43:20","slug":"dentifrice-blanchissant-au-girofle","status":"publish","type":"product","link":"https:\/\/phytokhar.ma\/index.php\/product\/dentifrice-blanchissant-au-girofle\/","title":{"rendered":"Dentifrice Blanchissant au Girofle 50g"},"content":{"rendered":"<h3>Pr\u00e9sentation de produit :<\/h3>\n<p>Pot (50g) en PP naturel avec un couvercle blanc<\/p>\n<h3>Indications :<\/h3>\n<p>Le dentifrice bio en poudre offre une exp\u00e9rience unique. Son go\u00fbt et sa consistance uniques s\u00e9duisent ceux qui cherchent une alternative naturelle.<br \/>\nUne hygi\u00e8ne bucco-dentaire optimale et une haleine fra\u00eeche. Voici les principales propri\u00e9t\u00e9s du dentifrice bio en poudre certifi\u00e9 bio :<\/p>\n<ul>\n<li>Ingr\u00e9dients 100% naturels<\/li>\n<li>\u00c9limine la mauvaise haleine<\/li>\n<li>Rend les dents plus brillantes et plus blanches<\/li>\n<li>Purifie la bouche et lutte contre les bact\u00e9ries<\/li>\n<li>Renforce les gencives et stoppe les saignements<\/li>\n<li>Pr\u00e9vient la plaque dentaire et aide \u00e0 enlever le tartre<\/li>\n<li>Parfaitement adapt\u00e9 aux dents sensibles et aux gencives sujettes aux saignements car il ne contient pas de substances chimiques agressives<\/li>\n<li>Fra\u00eecheur longue dur\u00e9e par rapport \u00e0 un dentifrice industriel<\/li>\n<li>Ne comporte pas de danger pour l&rsquo;\u00e9mail, la dentine ou le c\u00e9ment<\/li>\n<li>Ne mousse pas, sans sucre ni fluor.<\/li>\n<li>Sans colorant, sans conservateur, sans parfum, sans triclosan, sans sulfates.<\/li>\n<\/ul>\n<h3>Utilisations :<\/h3>\n<p>Humidifier votre brosse \u00e0 dents et plonger-la dans la poudre pour qu&rsquo;une fine couche y adh\u00e8re. Ensuite, brossez-vous les dents . Cette poudre ultra-fine constitue un dentifrice efficace pour le brossage quotidien ou occasionnel de vos dents.<\/p>\n<h3>Les ingr\u00e9dients :<\/h3>\n<p><strong>L\u2019argile blanche remin\u00e9ralisante :<\/strong> elle agit comme un protecteur efficace pour les dents et assure une bonne hygi\u00e8ne bucco-dentaire en \u00e9liminant toutes les impuret\u00e9s de la plaque dentaire.<br \/>\n<strong>L&rsquo;aloe vera:<\/strong> am\u00e9liore \u00e9galement l\u2019\u00e9mail dentaire<br \/>\n<strong>La r\u00e9glisse :<\/strong> sa racine contient des antioxydants capables de neutraliser les bact\u00e9ries responsables de la formation des caries. Elle \u00e9limine aussi les plaques dentaires pour rendre les dents plus blanches et plus brillantes.<br \/>\n<strong>La menthe poivr\u00e9e\u00a0:<\/strong> Elle assainit la bouche et garantit une haleine \u00a0fra\u00eeche plus longtemps.<br \/>\n<strong>Le girofle :<\/strong> riche en eug\u00e9nol, elle est reconnue pour soulager les redoutables rages de dents.<\/p>\n<h3>Pr\u00e9cautions d\u2019emploi\u202f:<\/h3>\n<p><strong>Conservation :<\/strong> Conserver le pot \u00e0 l\u2019abri de la lumi\u00e8re, de la chaleur et de l\u2019humidit\u00e9.<\/p>\n","protected":false},"excerpt":{"rendered":"<p>Notre dentifrice est compos\u00e9 formul\u00e9 avec des ingr\u00e9dients 100% naturels,ce dentifrice est une solution unique pour l&rsquo;\u00e9limination de la plaque dentaire, prot\u00e8ge les gencives sensibles, aide \u00e0 blanchir les dents, une haleine fra\u00eeche, une plan\u00e8te respect\u00e9e, doux et efficace.<\/p>\n","protected":false},"featured_media":874,"comment_status":"open","ping_status":"closed","template":"","meta":{"_bst_post_transparent":"default","_bst_post_title":"","_bst_post_layout":"default","_bst_post_sidebar_id":"","_bst_post_content_style":"default","_bst_post_vertical_padding":"default","_bst_post_feature":"","_bst_post_feature_position":"","_bst_post_header":false,"_bst_post_footer":false},"product_brand":[],"product_cat":[110,108,109],"product_tag":[],"product_brands":[],"class_list":{"0":"post-223","1":"product","2":"type-product","3":"status-publish","4":"has-post-thumbnail","6":"product_cat-dentifrice","7":"product_cat-hygiene","8":"product_cat-hygiene-buccale","10":"first","11":"instock","12":"featured","13":"taxable","14":"shipping-taxable","15":"purchasable","16":"product-type-simple","17":"entry","18":"content-bg","19":"loop-entry"},"_links":{"self":[{"href":"https:\/\/phytokhar.ma\/index.php\/wp-json\/wp\/v2\/product\/223","targetHints":{"allow":["GET"]}}],"collection":[{"href":"https:\/\/phytokhar.ma\/index.php\/wp-json\/wp\/v2\/product"}],"about":[{"href":"https:\/\/phytokhar.ma\/index.php\/wp-json\/wp\/v2\/types\/product"}],"replies":[{"embeddable":true,"href":"https:\/\/phytokhar.ma\/index.php\/wp-json\/wp\/v2\/comments?post=223"}],"wp:featuredmedia":[{"embeddable":true,"href":"https:\/\/phytokhar.ma\/index.php\/wp-json\/wp\/v2\/media\/874"}],"wp:attachment":[{"href":"https:\/\/phytokhar.ma\/index.php\/wp-json\/wp\/v2\/media?parent=223"}],"wp:term":[{"taxonomy":"product_brand","embeddable":true,"href":"https:\/\/phytokhar.ma\/index.php\/wp-json\/wp\/v2\/product_brand?post=223"},{"taxonomy":"product_cat","embeddable":true,"href":"https:\/\/phytokhar.ma\/index.php\/wp-json\/wp\/v2\/product_cat?post=223"},{"taxonomy":"product_tag","embeddable":true,"href":"https:\/\/phytokhar.ma\/index.php\/wp-json\/wp\/v2\/product_tag?post=223"},{"taxonomy":"product_brands","embeddable":true,"href":"https:\/\/phytokhar.ma\/index.php\/wp-json\/wp\/v2\/product_brands?post=223"}],"curies":[{"name":"wp","href":"https:\/\/api.w.org\/{rel}","templated":true}]}}